 = 96*g - 42*g - 2376. What is the highest common factor of g and 2068?
44
Let l(p) = -2*p + 6. Let m be l(-6). Let z be (20/(-16)*-2)/((-3)/(-108)). Suppose -9*t = -8*t - z. Calculate the highest common divisor of m and t.
18
Suppose -54 = -8*f + 10. What is the greatest common divisor of f and 104?
8
Let q(p) = 2*p**2 - 12*p - 50. Let a be q(-17). What is the highest common factor of 305 and a?
61
Let g(j) = 6*j**2 + 43*j + 151. Let u be g(-4). Calculate the highest common divisor of u and 250.
25
Suppose 4*w + 294 = 5*o - 3*o, -5*w = -20. Suppose -12*b + 229 + o = 0. Calculate the greatest common divisor of b and 160.
32
Let g(x) = 2*x**2 + 19*x + 26. Let z be g(-12). Let v(l) = -216*l**3 + l. Let n be v(-1). Calculate the greatest common divisor of n and z.
43
Let y = -28 + 41. Let a be (-110 + -7)*(-2 + 1). Calculate the greatest common divisor of a and y.
13
Let q = 25 - 14. Suppose -q*y = -10*y - 55. Let u be (y/15)/((-1)/(-9)). Calculate the highest common factor of 3 and u.
3
Let m = 31 - -31. Calculate the highest common factor of 2 and m.
2
Let w(r) = 63*r - 366. Let j be w(6). Calculate the greatest common divisor of j and 624.
12
Suppose m = 5*s - 127, 4*m + 14 = s - 0*m. Let l = s - 21. Suppose -153 = -5*w + 3*y, l*w - y - 91 = 2*w. Calculate the greatest common factor of 45 and w.
15
Let q = 76 - 59. What is the greatest common factor of q and 17?
17
Let m = 85 + -63. Let v(b) = b**2 + 2*b - 1. Let r be v(-3). What is the greatest common factor of m and r?
2
Let g be (-4)/((-32)/(-12))*(-8)/3. Let l be (-53 - -9) + 2/(-2). Let o be ((-2)/3)/(3/l). What is the greatest common divisor of g and o?
2
Suppose -2*i - f = -132, -3*i + 113 = f - 87. Let q(c) = -c**3 + 5*c**2 + 1. Let u be q(4). What is the greatest common divisor of u and i?
17
Let v be (18/15)/((-6)/15). Let f = v + 13. Suppose 8 = c - 12. What is the highest common factor of f and c?
10
Suppose -3*t + t - 12 = 0. Let x be (1 + 1)/(t/(-171)). Let v = -162 + 200. What is the highest common factor of x and v?
19
Let g(d) = -d**3 + d**2 - d + 22. Let i be g(0). Let n(p) = 2*p**3 - p**2 + 2*p - 1. Let t be n(1). Calculate the highest common divisor of t and i.
2
Let r = 86 + 1. Suppose -12*k + r = -9. Suppose 2*z + 400 = 7*z. What is the highest common divisor of k and z?
8
Suppose 146 = -n + 3*q, -3*n - n - q = 623. Let f = -56 - n. What is the greatest common divisor of 11 and f?
11
Let d(w) = -69*w - 30. Let v be d(-1). Calculate the highest common divisor of v and 949.
13
Suppose 2*d + h = 161, -3*h + 7*h = -3*d + 234. What is the highest common factor of 451 and d?
41
Let k(h) = 4*h**3 + 3*h + 4. Let g be 2 + 2/(2 - 0). Let p be k(g). Suppose l - 48 - 11 = -2*o, p = 4*o + 3*l. Calculate the greatest common divisor of o and 4.
4
Suppose -3*x = -2*k - 672, 224 = -2*x + 3*x - k. Suppose -p = 6*p - x. What is the greatest common factor of 24 and p?
8
Let h = -15 + 13. Let z(p) = p**2 - 3*p - 5. Let a be z(h). Suppose -u + 4*q + 21 + 9 = 0, -a*q + 22 = 3*u. Calculate the greatest common divisor of 7 and u.
7
Let c = 11 - 8. Let n be (-31)/(217/84)*2/4. Let h = c - n. Calculate the highest common divisor of h and 6.
3
Suppose 437 = 4*o - 91. Let h be 2 + -4*25/(-10). What is the highest common factor of h and o?
12
Let o be (-3)/((7 - 4) + (-9)/2). Suppose 9 = -o*r + 23. What is the greatest common factor of 63 and r?
7
Let p be (-2 + 2982)/5 + -2. What is the greatest common divisor of 22 and p?
22
Suppose -2*r + 458 = l, -3*r - 38 + 726 = l. Calculate the highest common factor of 46 and r.
46
Let f = -30 + 35. Let y be (-1 + 5)/4 - f. Let c be (-225)/30*y/6. Calculate the highest common factor of c and 5.
5
Suppose -150*d - 512 = -154*d. What is the highest common divisor of 32 and d?
32
Suppose -441*y = -423*y - 55 - 35. Suppose -3*k + 31 + 104 = 0. What is the greatest common divisor of y and k?
5
Let v be (-10)/(1 - (0 - -2)). Let a = -581 + 596. Calculate the highest common factor of a and v.
5
Let q be 4*(0 + (-5)/(-10)). Calculate the highest common factor of q and 2.
2
Let h be -21*(-24)/28*2. What is the highest common factor of h and 624?
12
Suppose -30*y = -377 - 2983. What is the greatest common factor of 84 and y?
28
Suppose 4*z = -7*t + 2*t + 208, 2*t = -4*z + 220. Let j = 96 - z. What is the highest common factor of j and 351?
39
Let o be 2/((16/492)/4). Suppose 0 = -2*y + 2*v + v + o, 593 = 5*y - 2*v. What is the greatest common divisor of y and 13?
13
Let t be (-5 + (-33)/(-12))*-4 + -3. What is the greatest common factor of t and 92?
2
Suppose r - 5*q - 2 = 0, -5*r - 6*q = -2*q - 10. Suppose 1 = -5*i + 71. Calculate the highest common divisor of i and r.
2
Let f be (-2 - -1)*(-7)/(14/6). Suppose -12 = 3*d - 30. What is the highest common divisor of d and f?
3
Let j be (4/(-14))/((-5708)/(-476) + -12). Calculate the greatest common factor of 51 and j.
17
Suppose 119*z = 122*z + 5*t - 14, 0 = -5*t + 5. What is the greatest common divisor of z and 93?
3
Let r(u) = -u**3 - 4*u**2 + 15*u + 10. Let h be r(-6). Let s be h/(-28) - 103/(-7). What is the highest common divisor of s and 45?
15
Suppose -x = -6*x + 2*t + 23, 15 = 4*x - 5*t. Suppose 4*r + 5*p = 140, r - 35 = -0*r - 3*p. What is the highest common divisor of r and x?
5
Let i = -45 + 67. Let g = 22 - i. Suppose 4*z + g*z - 28 = 0. Calculate the highest common factor of 56 and z.
7
Suppose -5*z = -0*z - 5. Let x be ((-18)/(-15))/((-6)/20). Let f be 3 + x*(-1)/(-2). What is the greatest common factor of z and f?
1
Let g(l) = l + 19. Let i be g(-9). Suppose 0 = -0*u + 4*u - 20. What is the highest common factor of i and u?
5
Suppose 3*q - 33 = -3*h - 2*h, q - 11 = -h. Let t = 7 - -4. Calculate the highest common factor of t and q.
11
Suppose 3*u + 12 = 6*u, -2*u = -4*t + 632. What is the highest common divisor of 440 and t?
40
Let s(w) = -w**3 - 27*w**2 - 50*w + 63. Let i be s(-25). Calculate the highest common divisor of i and 27.
9
Suppose -15*i + 1299 + 2151 = 0. What is the greatest common divisor of 50 and i?
10
Suppose -5*b - 3*r = 32, -3*r = 2*b - r + 12. Let k(x) = -x**3 - 6*x**2 + 6*x - 4. Let z be k(b). What is the greatest common factor of 1 and z?
1
Suppose -4*w + 9 + 19 = 0. Suppose -756 = -w*g + g. What is the greatest common divisor of 14 and g?
14
Let v = 1262 + -1090. What is the highest common divisor of v and 16?
4
Let l(d) = 3*d + 21. Let a be l(-3). Calculate the highest common factor of 3 and a.
3
Let q be -159*1*65/(-195). Calculate the highest common factor of 159 and q.
53
Let s(f) = 27*f + 6. Let g be s(6). Let n(a) = -29*a - 5. Let z be n(2). Let o = g + z. What is the greatest common factor of 15 and o?
15
Let i(t) = -t**2 + 37*t - 206. Let c be i(8). Calculate the greatest common divisor of c and 1170.
26
Suppose 2*g = 5*o - 43, -g = -o - 3*g + 11. Let s(k) = 4*k**2 + 11 - 3*k**2 - 2*k + 3*k + k. Let m be s(o). Calculate the highest common divisor of m and 10.
10
Let v(m) = m**2 + 11*m + 6. Let s be v(-10). Let k be (3 - -5) + (2 - s - 3). What is the greatest common factor of 33 and k?
11
Let y(s) = -2472*s + 12390. Let l be y(5). Let k = -21 - -66. What is the highest common factor of k and l?
15
Let v(i) = i**3 - i**2 - 40*i + 242. Let q be v(8). What is the highest common factor of q and 70?
10
Let v(t) = -t + 3. Let b be v(4). Let a be -1 - (-13 - b/1). Let r = -3 + 47. Calculate the greatest common divisor of r and a.
11
Let a be 1*2 - (-91 + -1 + -10). What is the greatest common factor of a and 48?
8
Let s be (774/301)/((-1)/(-210)). Calculate the highest common factor of 120 and s.
60
Let h be 1 + (4 - 8 - 1) + 1211. Calculate the greatest common factor of 17 and h.
17
Let s = 1382 - 1368. Let l(c) = 13*c**2 - 5*c - 4. Let u be l(-4). What is the greatest common divisor of s and u?
14
Let m = 136 - 190. Let x = 60 + -89. Let d = x - m. Calculate the greatest common divisor of d and 275.
25
Let w(k) = -k**2 + 2*k + 1. Let g be w(0). Let d be g/2*0 + 0. Suppose 4*r - 4 = -0, 2*y + 4*r - 158 = d. Calculate the highest common factor of 11 and y.
11
Let v be 224/40 - (-3)/(-5). Calculate the highest common divisor of v and 65.
5
Suppose 3*i = -3*i - 96. Let j be ((-8)/i)/(1/6). Suppose 0 = j*x - 17 - 7. Calculate the greatest common factor of 20 and x.
4
Let y(h) = h**2